 - (-16)/36?
7
Let c(a) = a**3 + 52*a**2 - 18*a - 23. What is the thousands digit of c(9)?
4
Let r(a) = -12 + a - 22 + 0 + 21*a**2 - 10*a**2 + 5. What is the hundreds digit of r(-4)?
1
Let i = 1787 + 3226. What is the units digit of i?
3
Let m(t) = -75*t + 184. Let p be m(-13). What is the units digit of (p/(-4))/((-18)/72)?
9
What is the units digit of (-20)/24 + ((-354372)/(-72) - -12)?
3
Suppose -a - 2*p = -10900, -3*p = 2*a - 15607 - 6194. What is the hundreds digit of a?
9
Suppose -62*f - 236 = -66*f. Suppose -f*s = -56*s - 798. Suppose -142 - s = -3*a. What is the units digit of a?
6
What is the units digit of 4448 - (2 + -3)/((-145)/(-25) - 6)?
3
Let a be ((-7)/(-35))/(-2 + (-22)/(-10)). Let j be 0 + a + -1 - (-222 - -22). Suppose 5*n - j = -3*n. What is the tens digit of n?
2
Let x(u) = -354*u + 706*u - 354*u + 113. What is the units digit of x(14)?
5
What is the tens digit of ((-16211299)/4758)/(-2 + 22/12)?
4
Let c = -32032 - -65851. What is the ten thousands digit of c?
3
Let x(u) = 53*u**3 - 5*u**2 + 8*u - 20. What is the units digit of x(3)?
0
Let r(q) = 249*q + 11. Let t = -88 + 90. What is the hundreds digit of r(t)?
5
Suppose 37*r - 20155 = 1971. Suppose -106 = p + 3*j - r, 4*p - 2*j - 1982 = 0. What is the hundreds digit of p?
4
Let c = 15636 + 4337. What is the thousands digit of c?
9
Let i(x) = x**2 - 22*x - 29. Let s be i(15). Let p = s - -565. What is the tens digit of p?
3
Suppose -679581 = -29*o - 49*o + 29*o. What is the tens digit of o?
6
Let d = -128 - -131. Suppose 0 = 4*x - 0*x. Suppose -d*h - h + 8 = x. What is the units digit of h?
2
Let u(l) = 1531*l + 9305. What is the units digit of u(8)?
3
Let w be 1 + -2 + (-9)/((-90)/40). Suppose w*u + u = -2*u. Suppose s - 2*s - 6 = -5*f, u = -3*f - 3*s + 18. What is the units digit of f?
2
Let r = -30462 + 31843. What is the tens digit of r?
8
Let d = 823 - -10296. What is the units digit of d?
9
Let u(m) = 24998*m - 688. What is the ten thousands digit of u(1)?
2
Let l(s) = s**3 - 14*s**2 + 64*s + 52. What is the hundreds digit of l(24)?
3
Let r(x) = -6*x - 10. Let v be r(-2). Suppose -v*j + 11*j - 117 = 0. What is the tens digit of (44 - 1)*7 + 26/j?
0
Let x(v) = -v**3 - 9*v**2 + 12*v - 38. Suppose 230 - 54 = -16*g. What is the units digit of x(g)?
2
Let y = 9324 + -6439. What is the thousands digit of y?
2
Suppose 5*b - g + 7 = 0, -15 = 8*g - 3*g. Let x be 585/18*(-4)/(b + 0). What is the units digit of ((-1118)/x)/(2/(-5))?
3
Let q(g) = 114*g - 22. Let w be q(21). Suppose -5*u + 2367 = 4*r, 0*r - w = -4*r - 4*u. What is the hundreds digit of r?
5
What is the units digit of 2/(-6)*(6782594/(-546) - 2/3)?
1
Let x = -76 - -93. Suppose x*i - 15*i + 8 = 0. What is the tens digit of ((-8 + -1516)/(-4))/((-6)/i)?
5
Suppose -285*w + 1494 = -284*w. Suppose 4*c = f - w + 5855, 3*c + 5*f - 3242 = 0. What is the hundreds digit of c?
0
Let x = -23 - -25. Suppose -x*b + 67 = f - 0*b, 4*b = -5*f + 305. Suppose -2*n + f = -171. What is the units digit of n?
4
Let k = 2 - 4. Let c be (5/k)/((-1)/(-2)). Let m(l) = -11*l + 11. What is the units digit of m(c)?
6
Suppose -5*q = -h + 10792 - 3611, -q = 5. What is the hundreds digit of h?
1
Let a be (-2)/(-18) + 180572/36. Suppose -a = -16*n - 8*n. What is the units digit of n?
9
Let p(b) = 4 - 169*b + 172*b - 1 + 212*b**2. What is the units digit of p(-1)?
2
Suppose -4*h - h = 0. Suppose 0 = 7*k - 736 - 622. Suppose h = -3*i + k - 41. What is the units digit of i?
1
Suppose 3*i + 5*b - 21 = 0, -7*b + 5 = -5*i - 2*b. Let g be 4 + 57*-3 - i/(-2). Let z = 327 + g. What is the tens digit of z?
6
What is the hundreds digit of -6 + 360/63 + ((-572760)/28)/(-6)?
4
What is the hundreds digit of -10 + (768689/721 - 3/21)?
0
What is the tens digit of 6001 + 912/(-988)*13/(-2)?
0
Let r(y) = 15*y**2 - 4*y - 9. Let n be r(-2). Let x be ((-4)/(-2))/1 - -9. Suppose q - n = x. What is the units digit of q?
0
Let s(k) = -4*k**2 - 11*k - 3. Let n be s(-2). Suppose -115 = -n*t - 2*i + 92, 2*t + 3*i - 133 = 0. What is the tens digit of t?
7
Suppose 243 = -14*d + 33. What is the hundreds digit of (-12612)/d + (-4)/(-20)?
8
Suppose -44575 = -5*x - 2*u, x + 45*u - 8907 = 43*u. What is the thousands digit of x?
8
Suppose 35*l - 49209 - 75227 = 64179. What is the tens digit of l?
8
Suppose 3*z - z = -168 + 15916. What is the thousands digit of z?
7
Let p(t) = -10*t**3 - 7*t**2 - 7*t - 9. Let o be p(-4). Suppose -127 + o = -6*z. What is the tens digit of z/(-6)*(-1 + 8/2)?
3
Let f(h) = h**2 - 25*h - 25. Let q be (-1)/4 + (-1250)/(-40). What is the units digit of f(q)?
1
Suppose -10 = 5*b, -105*s - 2*b = -104*s - 28649. What is the tens digit of s?
5
Let z be -1 - (-37)/7 - (-60)/(-210). Suppose -3*k = -2*m - 881, -2*m - 1152 = -z*k - 5*m. Suppose -5*f + 2*f + k = 0. What is the units digit of f?
7
Suppose -2214*n = -2244*n + 75030. What is the units digit of n?
1
Suppose 2*i - 3*p - 37507 - 31454 = 0, 4*i + 3*p = 137877. What is the tens digit of i?
7
Let x(p) be the third derivative of p**4/4 - 5*p**3/2 - 5*p**2 - 5. Suppose -3*s + 48 = s. What is the tens digit of x(s)?
5
Let c(n) = 917 - 461 - 94*n - 486. What is the units digit of c(-3)?
2
Let t be (2/(-3))/((-10)/45). Suppose -t*d + 2*d + 350 = 3*l, -d + 3*l = -356. What is the units digit of d?
3
Suppose o + 3805 = 5*l + 6*o, 5*l = 3*o + 3813. Let n = 867 - l. What is the units digit of n?
5
Let l(n) = -6*n**3 - 6*n - 7. Let k be l(-2). Suppose 0 = 33*p - k*p + 1820. What is the tens digit of p?
9
Let k = -49 - -54. Suppose 3*p - 2*x = -2, -k*p - 4*x + x = -3. Suppose -3*q - 17 + 116 = p. What is the units digit of q?
3
Let o(z) = -72*z**3 - 5*z**2 - 7*z - 1. Let f(h) = -2*h - 9. Let j be f(-4). What is the units digit of o(j)?
3
Let x = -29 + 67. Suppose 0 = 7*n - 79 - 215. Let s = n - x. What is the units digit of s?
4
What is the thousands digit of (567/27 + 0)/(((-6)/(-2962))/1)?
0
Let l = -13 + 16. Suppose -4*x + l*h + 63 = -1448, -1880 = -5*x + 2*h. What is the tens digit of x?
7
Let r = 6151 + 741. What is the units digit of r?
2
Let x(n) = 3*n**3 + 23*n**2 - n + 4. What is the units digit of x(11)?
9
Suppose 0 = -103*m - 135*m + 625226. What is the hundreds digit of m?
6
Suppose 11*h - 3827 + 835 = 0. Let n = 468 - h. What is the units digit of n?
6
Let j(l) = 181*l**2 + 28*l + 5. What is the tens digit of j(-6)?
5
What is the units digit of 3/(-2) + 361/190 + 54176/10?
8
Suppose -3*n = -0*n - 0*n. Let b be 1 - (n + 4) - (-3 + 0). Suppose -12 = -4*d, 3*i - 2*d - 453 + 117 = b. What is the units digit of i?
4
Let c(q) = 19*q + 74. Let b be 5/(-10) - 21/(-2). What is the units digit of c(b)?
4
Let z(r) = 14*r - 95. Let h be z(7). What is the tens digit of (-29092)/(-42) - (-4)/h?
9
Let w = 57081 - 5691. What is the units digit of w?
0
Suppose 0 = -6*c + 659 + 253. Suppose 2*w = -r + c, -5*r - 3*w + 766 = w. What is the units digit of r?
4
Let j = -1460 - -977. Let a = 1171 + j. Suppose 29 = 5*l + 4*c - a, 3*l - 443 = 4*c. What is the tens digit of l?
4
Let d be 1 - (-2 - (1 + -3))/(-2). Suppose -5*g + d = 2*t + 8, -2*t = 2*g - 2. Suppose -3*s - 151 = -p - 9, t*s = -p + 107. What is the hundreds digit of p?
1
Let f(y) = -957*y - 2811. What is the units digit of f(-7)?
8
Let h(r) = r**3 + 16*r + 25. Let g be h(11). Suppose 5*z - 2*b = 1859 + 23, 0 = 4*z + 5*b - g. What is the hundreds digit of z?
3
What is the thousands digit of (24 + (-7486)/(-76))/(2/724)?
4
Let r(k) = 12*k - 10. Let n be r(2). Let c(p) = -p**2 + 17*p - 31. Let o be c(n). Suppose -o*i + 920 = -301. What is the hundreds digit of i?
1
Let w(c) = -151*c**3 - c**2 + c + 1. Let u = 51 + -52. Let z be w(u). Suppose -7*s + 137 = -z. What is the tens digit of s?
4
Suppose 53 + 11 = 8*w. Suppose 4*b = -4*u + w, 0 = -0*b - b - 2*u + 2. What is the units digit of ((-6)/12)/(b/(-164))?
1
Suppose -3*g - g = 212. Let v = 58 + g. Suppose -2*r + 5*k = -115, v*k - 3*k + 178 = 3*r. What is the units digit of r?
0
Let a(g) = 19*g - 24. Let b be a(5). Let c = 219 - b. Suppose 5*f - c - 237 = 0. What is the tens digit of f?
7
Let s = -2 + 6. Suppose 3349 - 3244 = 7*m. What is the tens digit of m*(32/10)/s?
1
Let p be (-29)/(-6) + 10/(-12). Suppose p*z - 2*s = 1326, -3*s - 768 = 5*z - 2420. What is the tens digit of z?
3
What is the hundreds digit of 202